 2*f**2 - f - 4. Let j be a(3). What are the prime factors of n(j)?
3
Suppose -3*y + 1 = 7. Let g = y + 6. What are the prime factors of (g/10)/(2/80)?
2
Suppose -4*m + 279 = -u, 0*m + 122 = 2*m - 4*u. What are the prime factors of m?
71
Suppose -4 = -l - 1. Suppose 13 = 5*k - 7. Suppose 0 = n - l*h - 10, 4*n - k*h = -9 + 33. List the prime factors of n.
2
Let d(q) = -q**2 + q + 1. Let b be d(2). Let k be (1 - 0)/(b/(-26)). Suppose 2*a - 5*a - u + k = 0, -2*a - 2*u + 20 = 0. What are the prime factors of a?
2
Let b(v) = 4*v - v**3 + 9*v**2 + 0*v**2 - 9*v - 2*v**2 + 5. Let d = 16 + -10. List the prime factors of b(d).
11
Let u be 3*(1 + (-4)/(-6)). Let n(o) = o**2 + o - 6. List the prime factors of n(u).
2, 3
Let b(v) be the second derivative of -5*v**4/24 - v**3/2 - v**2/2 + v. Let r(w) be the first derivative of b(w). List the prime factors of r(-2).
7
Let s = 3 + -9. List the prime factors of ((-10)/s)/(2/6).
5
Suppose -3*u + 4*j = 2*u - 280, 0 = -2*j. List the prime factors of u.
2, 7
Suppose -3*w - 3 = 0, -4*f - 2*w + w - 37 = 0. What are the prime factors of (2 - f/3) + 2?
7
Let z(h) = 21*h. Let n be z(3). Let k = n - 39. List the prime factors of k.
2, 3
Suppose -i - x = -40, i - 5*i + 4*x + 168 = 0. List the prime factors of i.
41
Let s(h) = h**2 - h + 40. Let y(f) = -f - 5. Let n be y(-5). Let m be s(n). Suppose -3*g = -4*z + g + m, -3*z - g + 38 = 0. List the prime factors of z.
2, 3
Let u(k) = 2*k**2 + 2*k + 2. Let f be u(-2). Suppose 3*y = 21 + f. What are the prime factors of y?
3
Suppose 4*h = 3*o + 2*o + 61, 0 = 5*h - o - 50. List the prime factors of 12 - h/(-3) - 1.
2, 7
Suppose -3*s + 6*r - 2*r + 696 = 0, 4*r = -2*s + 464. What are the prime factors of s?
2, 29
Let z = -5 + -2. Let o(r) = -r - 4. What are the prime factors of o(z)?
3
Let m(r) = -r**2 + 3*r + 1. Let n be m(3). Let s = n - 1. Suppose -2*o + 0*o + 18 = s. What are the prime factors of o?
3
Suppose 4*n - 4*h - 164 = 0, 5*n - 2*h - 145 = 72. What are the prime factors of n?
3, 5
Let d(h) = 2*h**2 - 3*h + 6. Let q be d(3). What are the prime factors of 30/q*62/4?
31
Suppose 4*w + 2*d = d + 20, 3*w + 5*d - 15 = 0. Suppose w*n + p = 46, p - 3*p + 42 = 5*n. What are the prime factors of n?
2, 5
Let r(h) = 9 + 4*h**3 - 5*h**3 + 8*h**2 + 2*h - 12*h. Let g be r(7). Let u = g + 18. What are the prime factors of u?
2, 3
Suppose -2*v + 6 = -0*v. Let x be v + -6 - (-10)/2. What are the prime factors of 2 - 1/x*-38?
3, 7
Let q(p) = 2*p - 1. Let v(t) = -t + 5. Let n be v(0). What are the prime factors of q(n)?
3
Let q(h) = 4*h**2 - 5*h**2 + 2*h**2 + 4 + 3*h - 14. List the prime factors of q(-6).
2
Let p be (4 + 1 + 0)*8. Suppose p = 2*l + 2*l. Suppose l = n - 3. List the prime factors of n.
13
Let d(z) = z**2 + 5*z + 6. Let t(s) = 1. Let p(u) = -d(u) + 3*t(u). What are the prime factors of p(-2)?
3
Suppose -4*k = 12, f - 5*k - 99 = 3*f. Let y = f + 88. Suppose -2*l = h - 0*l - 6, -4*h + 3*l + y = 0. What are the prime factors of h?
2, 5
Let w(n) = 3*n + 10. List the prime factors of w(10).
2, 5
Suppose -4*n + 3 = -3*t - n, 0 = 3*t + 2*n - 17. Suppose -t*f = -8*f + 190. List the prime factors of f.
2, 19
Suppose 0*q + 4 = -q. Let b be (12/(-9))/(q/6). Suppose -2*d + b = -8. List the prime factors of d.
5
Let u be (-4)/(-14) + (-52)/(-14). Suppose u = -4*i, -2*q + 8 = -4*i - 14. List the prime factors of q.
3
Let s be (-7)/(-1) - (-2 + 1). What are the prime factors of (-8)/s - (1 - 7)?
5
Suppose 0*y = 3*y - 1092. List the prime factors of y.
2, 7, 13
Let w(y) be the third derivative of y**4/24 + 4*y**3/3 + 2*y**2. What are the prime factors of w(4)?
2, 3
Let d = 25 - 39. Let u(q) = -q**2 - 16*q - 21. What are the prime factors of u(d)?
7
Let n(x) = -11*x**3 - 3*x + x + x. Suppose -q + 3*q + 2 = 0. What are the prime factors of n(q)?
2, 3
Let x be 26/7 - (-2)/7. Let f(r) = -r**3 + 3*r**2 + 4*r - 2. Let a be f(x). Let s(c) = -4*c - 3. What are the prime factors of s(a)?
5
Let n = 101 + -66. What are the prime factors of n?
5, 7
Let l(n) be the third derivative of -n**5/60 - n**4/24 + 19*n**3/6 + 2*n**2. List the prime factors of l(0).
19
Let m = 5 + -3. Suppose 7*k = 8*k - m. What are the prime factors of k?
2
What are the prime factors of ((-3)/(-8)*2)/(9/216)?
2, 3
Suppose l = u + u + 16, -3*l + 4*u + 56 = 0. What are the prime factors of l?
2, 3
Let l = 38 + 52. What are the prime factors of l?
2, 3, 5
Let h = 9 + -7. What are the prime factors of (-8)/(-10)*5/h?
2
Suppose 3*a - 32 = -14. List the prime factors of (104/a)/(6/9).
2, 13
Let w(c) = -2*c - 12. Let r be w(-9). Let b be 25/((-3)/(r/(-2))). Let j = b - 17. What are the prime factors of j?
2
Let c be (0/2)/(-8 - -6). Suppose c = 5*m - 92 + 12. List the prime factors of m.
2
Suppose 4*o - 8 = 0, -4 = -q + 3*o + 1. List the prime factors of q.
11
Let f = 37 + -11. List the prime factors of f.
2, 13
Let k(r) = r**2 - 5*r. Let z be k(6). Let f(w) = 27*w - 8 - 47*w + 22*w. List the prime factors of f(z).
2
Let b(y) = -y + 2. Let g = -2 - -3. Suppose 19 = -3*t + g. List the prime factors of b(t).
2
Let i = -3 - -3. Let g(t) = -5*t + 13. Let y(d) = 6*d - 14. Let m(w) = 7*g(w) + 6*y(w). What are the prime factors of m(i)?
7
Suppose 0 = p - 168 + 47. What are the prime factors of p?
11
Suppose 5*q = -4*l + 792, -q - 3*l + 321 = q. List the prime factors of q.
2, 3, 13
Suppose 3*j - 4*a = 7*j + 12, -3 = -2*j + a. Suppose -4*n = -j*n - 72. What are the prime factors of n?
2, 3
Suppose -2*c - 2 = 4. Let i(y) = 2*y - 1. Let g be i(2). What are the prime factors of 4 + g/(-9)*c?
5
Suppose 103 = 2*x - 5*g, 0*g = -3*x - g + 129. Suppose 5*q - 26 - x = 0. What are the prime factors of q?
2, 7
Suppose 6*x - x - 476 = -d, 5*d + 20 = 0. List the prime factors of x.
2, 3
Let c = 8 - 14. Let v(r) = -4*r**2 - 5*r - 3. Let s(x) = 5*x**2 + 4*x + 4. Let p(h) = 3*s(h) + 4*v(h). What are the prime factors of p(c)?
2, 3
Suppose 5*q = q + 176. List the prime factors of q.
2, 11
Suppose m - k = 46, 2*m - 77 = 2*k - 5*k. Let t = m + -60. Let o = -8 - t. What are the prime factors of o?
3
Let m be -38*(1/(-2) - 0). Suppose -4*i - 7 + m = 0. What are the prime factors of i?
3
Let d be 1/(-1)*(2 + 1). Let j = 4 - d. What are the prime factors of j?
7
Let v be 3/4 + 201/(-12). Let p = 14 - v. List the prime factors of p.
2, 3, 5
Let h be ((-2)/(-4))/((-1)/(-6)). Suppose w = h + 2. List the prime factors of w.
5
Let j(p) = -39*p**3 - p**2 - 2*p. What are the prime factors of j(-1)?
2, 5
Let t(x) be the third derivative of 0 + 2/3*x**3 + 1/24*x**4 + 0*x - 2*x**2. List the prime factors of t(3).
7
Let b(o) = 3*o. Let t be b(3). Let w(n) = n**2 - 13*n + 9. Let y(s) = -s**2 + 14*s - 9. Let f(v) = 5*w(v) + 4*y(v). What are the prime factors of f(t)?
3
Suppose -1399 = -11*c + 328. What are the prime factors of c?
157
Suppose -9 = -3*y, -3 - 2 = 2*f - 3*y. Let t(v) = -v**2 + 2*v - 3. Let h be t(f). Let q = 7 - h. What are the prime factors of q?
2, 5
Let j(w) = -w + 1. Let m(b) = 4 + 5*b + 2 - 5 - 6. Let g(l) = -12*j(l) - 3*m(l). What are the prime factors of g(-4)?
3, 5
Let c(o) = -o**3 - o**2 - o - 1. Let n be c(-1). Let i be n*(-3)/(-1 - -7). Suppose i*j + 25 = 2*q - j, -q - 2*j = 0. List the prime factors of q.
2, 5
Let v(x) = x**2 - 2*x - 1. Let n be v(3). Suppose 2*o + 3*g + 4 = 0, 6 = -4*g - n. List the prime factors of -3 - ((o - 0) + -7).
3
Suppose -a - a = 5*g - 885, -4*a - 177 = -g. List the prime factors of g.
3, 59
Let l = 46 + -8. What are the prime factors of l?
2, 19
Let z = -2 + 4. Suppose -z*j + 6*j = 84. List the prime factors of j.
3, 7
Suppose -5*j = -6*j. Let x(o) = -o**2 + 8. List the prime factors of x(j).
2
Let d(w) = w + 8. Let a be d(-4). Let o be 0/(4*2/a). Suppose -4*r + 0*r + 40 = o. What are the prime factors of r?
2, 5
Let o be (-2 + -1)/((-6)/(-8)). Let w be (-17)/o + 1/(-4). Suppose y - w = -y. What are the prime factors of y?
2
Let p = 149 + -91. What are the prime factors of p?
2, 29
Let s be (-2)/8 - (-39)/(-4). Suppose 4*c = -599 - 297. What are the prime factors of 8/(-20) + c/s?
2, 11
Suppose 10 + 10 = 2*f. Suppose f + 4 = -2*p. Let c = p - -12. List the prime factors of c.
5
Let t = 91 + -54. What are the prime factors of t?
37
Suppose 1 + 23 = -6*q. Let z = -20 - -13. Let i = q - z. List the prime factors of i.
3
Su